m = -47 - 41. Calculate the highest common factor of m and 8.
8
Let y(b) = -3*b + 3. Let x be y(-11). Let g = x - 1. What is the greatest common divisor of 14 and g?
7
Suppose 4*q - 40 = -5*z, 21 = 3*q + 2*q - z. Suppose -q*u + 77 = -3. Let p be -1*(-252)/8 - 5/(-10). What is the highest common divisor of u and p?
16
Suppose -5*n + 1 = -14. Suppose -2*w = -11 - n. What is the greatest common factor of 56 and w?
7
Let y = -14 + 32. Suppose y = 5*f + 3. Suppose -a + f*s - s - 6 = 0, -5*s + 9 = -4*a. What is the highest common factor of 4 and a?
4
Suppose 0 = -4*l + l + 33. Let u(j) = j**2 - j + 1. Let s be (2/1 - 1) + -1. Let x be u(s). What is the highest common divisor of l and x?
1
Suppose 4*r - 67 = -15. Suppose -3*d = 4*g - r, g = 4*d - d - 8. Let b be (g + -3 + -4)*-15. Calculate the greatest common factor of 10 and b.
10
Suppose -3*z + 12 = z. Suppose -32 = i - 4*i - 2*y, -29 = -z*i + y. What is the highest common factor of 60 and i?
10
Suppose 0 = 3*a - 4*a. Suppose 4*u - q = 785, a = u + 3*u - 2*q - 790. Suppose 3*m - u = -2*m. What is the greatest common factor of 13 and m?
13
Suppose 2*w = -3*w + 3*t + 16, 2*w = 2*t + 8. Calculate the greatest common factor of w and 22.
2
Let x(p) = 11*p - 8. Let q be x(4). What is the highest common divisor of q and 9?
9
Let z(h) = h + 18. Let u be z(0). Suppose 2*g - 6 = -2. Let d be (g/(-2) + -1)*-1. What is the highest common factor of u and d?
2
Let v(z) = 11*z**2 - 3*z + 2. Let d be v(2). Suppose -4*i + 30 = 6. Suppose -s = -i*s + 40. What is the highest common factor of s and d?
8
Suppose -2*a - 3*j = -11 - 13, 4*a + j = 68. Calculate the greatest common factor of a and 6.
6
Let c(n) = n**3 + 3*n**2 - 7*n - 9. Let g be c(-4). What is the highest common factor of g and 75?
3
Let p = -16 + 49. Let x be (-4)/(-1)*35/(-14). Let m = x - -21. Calculate the greatest common divisor of m and p.
11
Suppose -p + 4 = -29. Suppose -21 = -5*j + 3*v, 0 = 2*v - 6*v - 8. What is the highest common factor of p and j?
3
Let r = 24 - 14. Calculate the greatest common divisor of 110 and r.
10
Let t(r) = r**3 + r**2 - r + 12. Let v be t(0). Let k = 10 + -4. Let m be (2 - k) + 1 - -5. What is the highest common factor of v and m?
2
Suppose -2*r + 1 = -5. What is the greatest common factor of r and 3?
3
Suppose 6 = -2*p + 30. What is the highest common factor of p and 12?
12
Let j = 2 - 1. Let k = -1 - j. Let g = 7 + k. What is the greatest common factor of 15 and g?
5
Suppose 96 + 20 = 2*g. Suppose 28 = b - 4*h, 3*b + g = 7*b + 2*h. What is the highest common divisor of b and 80?
16
Suppose 0 = 5*b - 4*q - 196, -5*q + 62 = 2*b - 23. Calculate the greatest common factor of 40 and b.
40
Let f = -54 + 118. Calculate the greatest common factor of f and 8.
8
Let w(v) = 3*v + 1. Let a be w(1). Let p = -3 + a. What is the highest common divisor of p and 8?
1
Let b be (-7)/((-21)/(-45))*-4. Suppose -g + b = g. What is the greatest common factor of g and 15?
15
Let c be ((-1)/(-3))/(2/12). What is the highest common factor of 14 and c?
2
Let g(q) = q**3 + 3*q + 4. Let y be g(4). Suppose 27 = 2*h + 3. Let a be (-1)/((h/40)/(-3)). What is the greatest common divisor of y and a?
10
Let b(f) = -f + 2. Let c be b(-3). Suppose -c*g + 4*h + 206 = 0, 2*h + 37 = 2*g - 45. Calculate the greatest common factor of 6 and g.
6
Suppose -2*b + 6 = b. Calculate the highest common divisor of b and 16.
2
Let g be (-14)/14 - (0 + -4). What is the greatest common divisor of 27 and g?
3
Let f = -4 + 5. Let x be 8 + 0/(-1 + -1). What is the greatest common factor of x and f?
1
Let a(r) = -r**2 - 22*r + 37. Let j be a(-21). What is the highest common divisor of 522 and j?
58
Suppose -130 = -o - 9*o. Calculate the highest common divisor of o and 299.
13
Let b = 1 + 2. Suppose 0*y + 3 = b*y. Let q be 2 - y*(2 + -26). What is the highest common divisor of q and 39?
13
Let f = 57 - 11. Suppose 0 = o - 2*o + 23. What is the highest common divisor of o and f?
23
Suppose 0 = w + 6*w + 84. Let c be (1/(-2))/(-1)*6. Let f be 44/((-2)/w*c). What is the highest common divisor of 8 and f?
8
Let v = 330 + -186. Suppose 0 = 3*q - 0*q - v. What is the greatest common factor of q and 16?
16
Let x = -8 + 11. What is the greatest common divisor of x and 3?
3
Suppose -4*m - 71 = 1369. Let i be ((-8)/(-10))/((-3)/m). What is the highest common factor of 12 and i?
12
Suppose -5*a - 12 = -3*a. Let h(w) = -w**2 - 7*w - 3. Let l be h(a). Suppose l*x - 10 = -2*x. What is the greatest common divisor of x and 3?
1
Suppose d + 4*t + 2 = 14, 2*d + 4*t = 12. Let n be 2 + -3 - (d - 21). Suppose 2*w = j - w - 23, -2*j - 5*w = 9. Calculate the highest common factor of j and n.
4
Let g be (-12)/(-3) - (-29 + 3). Calculate the greatest common divisor of 20 and g.
10
Let y = -98 - -117. Calculate the greatest common divisor of y and 57.
19
Let b = -17 + -43. Let f = b - -108. Suppose f = 2*q + 2*q. Calculate the greatest common divisor of q and 48.
12
Suppose -2*g - 1 - 17 = 0. Let b be (-156)/g + (-4)/(-6). Let f(t) = -t**2 + 10*t + 11. Let l be f(8). Calculate the highest common divisor of b and l.
9
Suppose 2*u = 5*u - 18. Suppose -5*k = -r - 8, 3*r + u*k - 3*k - 12 = 0. Let q = 6 + -4. Calculate the greatest common divisor of r and q.
2
Let k(m) = 4*m - 4. Let z be k(3). Let x = 10 - z. Calculate the highest common factor of x and 22.
2
Let p(x) = -251*x + 5. Let b be p(-1). What is the highest common factor of 32 and b?
32
Let p be ((-36)/(-10))/(12/80). What is the greatest common divisor of 16 and p?
8
Let z(a) = -14*a + 310. Let d be z(15). Suppose 5*h - 95 = -5*m, 5*h + 2*m - 58 = 40. What is the greatest common divisor of h and d?
20
Let o = 8 - -2. Let l(i) = i**2 - i - 2. Let w be l(-2). What is the greatest common factor of w and o?
2
Let p = -26 + 16. Let a = 15 + -11. Let c be 26/10 - a/p. Calculate the greatest common factor of c and 27.
3
Suppose -13 = 4*r - 3*r. Let k = r - -23. Suppose -k = 5*q, 2*n = -3*q - 2*q + 30. What is the highest common divisor of n and 50?
10
Suppose -2*i + 16 + 12 = 0. Let b(j) = 8*j**2 - 2*j + 4. Let p be b(3). What is the highest common factor of p and i?
14
Suppose 4*j - 23 - 13 = 0. Calculate the highest common divisor of 63 and j.
9
Let m = -9 + 13. Suppose -14 = -m*c + 46. Let t = 4 + 56. What is the greatest common divisor of t and c?
15
Let i(z) = -2*z**2 + 3*z + 2. Let p be i(2). Suppose 3*g - 51 = -p*g. What is the greatest common factor of 170 and g?
17
Let r(y) = -55*y - 6. Let j be r(-8). Suppose -4*t = -j + 82. Let x be -1*1/(1/(-22)). Calculate the greatest common divisor of t and x.
22
Let o(l) = -l**3 + 5*l**2 + 9*l - 5. Let y be o(6). Let f be -2 + -5 + 4 - -68. Calculate the greatest common factor of f and y.
13
Let f be (-3 + (-3)/15)*-5. Let b be ((-48)/(-5))/(42/140). What is the highest common divisor of f and b?
16
Let v(r) = -r + 35. Let f be v(18). Calculate the highest common divisor of f and 272.
17
Let i(j) = -4*j**2 - 6*j + 11. Let y(d) = -7*d**2 - 11*d + 22. Let g(n) = 5*i(n) - 3*y(n). Let a be g(8). Calculate the highest common factor of 7 and a.
7
Suppose -5*d + 4*d + 30 = 0. Let c(r) = -r + 3. Let g be 4/10 - 17/5. Let v be c(g). Calculate the greatest common divisor of d and v.
6
Let n(u) = -u**3 - 5*u**2 - 5*u - 3. Let x be n(-5). Calculate the greatest common factor of x and 2.
2
Let t(j) = -17*j - 23. Let l be t(-10). What is the highest common divisor of 49 and l?
49
Let a = -4 - -6. Suppose a = 3*t - 25. Suppose -6 = -h - h. Calculate the greatest common divisor of h and t.
3
Suppose 2*f - 2*j - 20 = 0, 2*f + j = 6*j + 20. Suppose 5*o + 3*w - 19 = 0, -4 = o + 3*w - 3. What is the highest common factor of o and f?
5
Suppose v = -v - 10. Let b be v*5/(25/(-4)). Suppose -b*o + 3*i + 39 = 0, 0 = -4*o + i + 20 + 9. What is the greatest common divisor of o and 42?
6
Let k be (4/(-10))/((-1)/50). What is the greatest common divisor of k and 8?
4
Let l be 101 - (-3)/((-6)/4). Let s be 25/5*9/5. What is the greatest common divisor of l and s?
9
Let a be 4 + 1 - 0/(-1). Let f = 5 + a. What is the highest common factor of f and 2?
2
Suppose 0 = 2*a - 0*a - 100. Suppose 0*b + a = 5*b. Calculate the greatest common divisor of 2 and b.
2
Suppose 3*k + 0*s - 37 = 2*s, -3*k + 4*s = -29. What is the greatest com